 digit of 3465?
5
What is the units digit of 3002?
2
What is the hundreds digit of 268?
2
What is the units digit of 1096?
6
What is the tens digit of 606?
0
What is the tens digit of 1446?
4
What is the tens digit of 11388?
8
What is the units digit of 22104?
4
What is the tens digit of 493?
9
What is the tens digit of 1193?
9
What is the hundreds digit of 3544?
5
What is the units digit of 5437?
7
What is the hundreds digit of 32776?
7
What is the units digit of 1990?
0
What is the tens digit of 17?
1
What is the units digit of 137830?
0
What is the tens digit of 2520?
2
What is the hundreds digit of 151?
1
What is the tens digit of 2130?
3
What is the tens digit of 12?
1
What is the hundreds digit of 4234?
2
What is the tens digit of 3328?
2
What is the thousands digit of 66837?
6
What is the tens digit of 126969?
6
What is the units digit of 983?
3
What is the hundred thousands digit of 123452?
1
What is the thousands digit of 13964?
3
What is the units digit of 58303?
3
What is the thousands digit of 36271?
6
What is the hundreds digit of 8368?
3
What is the hundreds digit of 3197?
1
What is the thousands digit of 7055?
7
What is the tens digit of 353?
5
What is the hundreds digit of 4046?
0
What is the ten thousands digit of 26095?
2
What is the ten thousands digit of 79557?
7
What is the hundreds digit of 1643?
6
What is the hundreds digit of 11026?
0
What is the units digit of 32881?
1
What is the hundreds digit of 2272?
2
What is the thousands digit of 6719?
6
What is the tens digit of 15862?
6
What is the thousands digit of 4363?
4
What is the tens digit of 53424?
2
What is the thousands digit of 1506?
1
What is the units digit of 32996?
6
What is the thousands digit of 11841?
1
What is the tens digit of 292?
9
What is the hundreds digit of 2379?
3
What is the thousands digit of 2050?
2
What is the tens digit of 16576?
7
What is the hundreds digit of 270?
2
What is the hundreds digit of 4308?
3
What is the thousands digit of 36517?
6
What is the thousands digit of 5355?
5
What is the units digit of 50974?
4
What is the tens digit of 38337?
3
What is the units digit of 1036?
6
What is the ten thousands digit of 14018?
1
What is the tens digit of 7523?
2
What is the thousands digit of 1872?
1
What is the tens digit of 53720?
2
What is the tens digit of 1429?
2
What is the hundreds digit of 4899?
8
What is the hundreds digit of 1163?
1
What is the units digit of 7621?
1
What is the tens digit of 5456?
5
What is the units digit of 1784?
4
What is the thousands digit of 7003?
7
What is the units digit of 835?
5
What is the tens digit of 372?
7
What is the thousands digit of 36868?
6
What is the units digit of 290?
0
What is the thousands digit of 57144?
7
What is the hundreds digit of 39792?
7
What is the units digit of 9291?
1
What is the tens digit of 1363?
6
What is the tens digit of 14275?
7
What is the thousands digit of 2642?
2
What is the tens digit of 601?
0
What is the thousands digit of 9192?
9
What is the hundred thousands digit of 110595?
1
What is the tens digit of 62?
6
What is the ten thousands digit of 105077?
0
What is the tens digit of 832?
3
What is the hundreds digit of 14019?
0
What is the thousands digit of 1787?
1
What is the tens digit of 2112?
1
What is the tens digit of 3626?
2
What is the ten thousands digit of 20838?
2
What is the units digit of 343?
3
What is the hundreds digit of 142?
1
What is the hundreds digit of 1092?
0
What is the hundreds digit of 44327?
3
What is the units digit of 26847?
7
What is the units digit of 1312?
2
What is the units digit of 3589?
9
What is the hundreds digit of 7086?
0
What is the units digit of 81504?
4
What is the units digit of 8?
8
What is the thousands digit of 1189?
1
What is the hundreds digit of 847?
8
What is the tens digit of 1047?
4
What is the ten thousands digit of 44013?
4
What is the tens digit of 202?
0
What is the thousands digit of 1262?
1
What is the units digit of 5806?
6
What is the hundreds digit of 586?
5
What is the hundreds digit of 13694?
6
What is the units digit of 3399?
9
What is the tens digit of 6453?
5
What is the ten thousands digit of 17074?
1
What is the units digit of 948?
8
What is the hundreds digit of 8325?
3
What is the tens digit of 23829?
2
What is the units digit of 5950?
0
What is the units digit of 2356?
6
What is the units digit of 1126?
6
What is the units digit of 10715?
5
What is the hundreds digit of 15032?
0
What is the units digit of 88107?
7
What is the tens digit of 10511?
1
What is the units digit of 3117?
7
What is the ten thousands digit of 54683?
5
What is the hundreds digit of 131?
1
What is the thousands digit of 4472?
4
What is the thousands digit of 6781?
6
What is the tens digit of 5996?
9
What is the hundreds digit of 8036?
0
What is the units digit of 1894?
4
What is the thousands digit of 3507?
3
What is the tens digit of 133784?
8
What is the thousands digit of 4153?
4
What is the units digit of 21956?
6
What is the hundreds digit of 645?
6
What is the units digit of 1949?
9
What is the tens digit of 5298?
9
What is the units digit of 18438?
8
What is the tens digit of 9829?
2
What is the units digit of 4738?
8
What is the units digit of 56?
6
What is the units digit of 562?
2
What is the thousands digit of 42036?
2
What is the tens digit of 32813?
1
What is the units digit of 970?
0
What is the ten thousands digit of 15819?
1
What is the hundreds digit of 12055?
0
What is the units digit of 16863?
3
What is the units digit of 656?
6
What is the ten thousands digit of 28096?
2
What is the ten thousands digit of 25187?
2
What is the units digit of 1819?
9
What is the hundreds digit of 18848?
8
What is the units digit of 5856?
6
What is the tens digit of 24331?
3
What is the hundreds digit of 411?
4
What is the tens digit of 98700?
0
What is the tens digit of 17315?
1
What is the thousands digit of 1171?
1
What is the ten thousands digit of 12320?
1
What is the thousands digit of 2147?
2
What is the thousands digit of 2788?
2
What is the hundreds digit of 10652?
6
What is the tens digit of 88280?
8
What is the hundreds digit of 1796?
7
What is the tens digit of 419?
1
What is the units digit of 3689?
9
What is the units digit of 2187?
7
What is the units digit of 1950?
0
What is the ten thousands digit of 61661?
6
What is the tens digit of 540?
4
What is the hundred thousands digit of 195206?
1
What is the hundreds digit of 1376?
3
What is the ten thousands digit of 62157?
6
What is the units digit of 918?
8
What is the thousands digit of 2027?
2
What is the thousands digit of 2861?
2
What is the units digit of 5505?
5
What is the hundreds digit of 5753?
7
What is the units digit of 5525?
5
What is the tens digit of 1022?
2
What is the tens digit of 5383?
8
What is the hundreds digit of 103956?
9
What is the units digit of 4172?
2
What is the units digit of 24854?
4
What is the hundreds digit of 20987?
9
What is the thousands digit of 10945?
0
What is the thousands digit of 4862?
4
What is the ten thousands digit of 48484?
4
What is the thousands digit of 1070?
1
What is the units digit of 812?
2
What is the units digit of 89498?
8
What is the thousands digit of 5564?
5
What is the units digit of 26843?
3
What is the tens digit of 794?
9
What is the hundreds digit of 571?
5
What is the hundreds digit of 4873?
8
What is the hundreds digit of 983?
9
What is the units digit of 26191?
1
What is the thousands digit of 22111?
2
What is the tens digit of 1115?
1
What is the thousands digit of 5874?
5
What is the thousands digit of 8057?
8
What is the tens digit of 700?
0
What is the ten thousands digit of 40612?
4
What is the ten thousands digit of 108027?
0
What is the tens digit of 1700?
0
What is the tens digit of 842?
4
What is the tens digit of 1043?
4
What is the units digit of 14906?
6
What is the thousands digit of 3179?
3
What is the units digit of 109498?
8
What is the tens digit of 1347?
4
What is the thousands digit of 12789?
2
What is the tens digit of 11501?
0
What is the units digit of 1054?
4
What is the tens digit of 6564?
6
What is the units digit of 9362?
2
What is the thousands digit of 1558?
1
What is the tens digit of 81?
8
What is the ten thousands digit of 11060?
1
What is the tens digit o